Suppose -3*u - 17 = -5*q, 3*q - 5*u - 3 = 4. Calculate the highest common factor of v and q.
4
Suppose 108 = -5*g + 768. Calculate the highest common factor of 33 and g.
33
Suppose 4*b = 5*a + 53, -4*b = 5*a + 13 - 56. Calculate the highest common factor of b and 156.
12
Let y(h) = -2*h + 5. Let g be y(-2). Calculate the highest common divisor of g and 63.
9
Let j be -2 - (-2 + -36) - 1. Suppose -j = -2*s - 4*g + 9*g, s - 2*g = 17. What is the highest common factor of 10 and s?
5
Let m be (-2 + -1)/(3/(-15)). Calculate the greatest common divisor of m and 15.
15
Suppose -3*t + 120 = -3*q, 2*t + q - 80 = -q. Calculate the highest common factor of t and 320.
40
Let q(a) = 3*a + 2. Let i be q(4). Let j be 0 - -41 - (3 + -1). Let v = j + -18. Calculate the highest common factor of v and i.
7
Let a be 87/54*6 - 8/(-6). Let r be (-1)/((-4)/242)*2. What is the highest common factor of r and a?
11
Suppose 0 = r - 5*y - 109, -5*y = 5*r - 4*y - 623. Suppose 3*x = 4*q + r, 0*q - 23 = -x + 5*q. Calculate the highest common divisor of x and 12.
12
Let f be 16/(-56) - (-236)/(-7). Let t = f + 68. Calculate the greatest common factor of t and 102.
34
Let c = 30 - 5. Calculate the greatest common divisor of c and 25.
25
Let i be 135*-3*(-1)/3. Let l = i - 55. Calculate the greatest common divisor of l and 16.
16
Let f(k) = 1. Let u(b) = 4*b + 9. Let c(i) = 18*f(i) - 2*u(i). Let l be c(-2). What is the highest common factor of l and 48?
16
Let q(a) = -2 + 2 + 0*a**3 - 4*a - a**3. Let f be q(-3). What is the greatest common factor of 26 and f?
13
Let j be 3/(-3) - -26 - 2. Suppose -2*g = -3*z - 223 + 42, -4*g + 5*z = -363. Calculate the greatest common factor of g and j.
23
Let r be 3/12 - 395/(-4). Let b = -5 + 14. What is the greatest common factor of b and r?
9
Suppose 0*d - 16 = -2*d. Suppose -2*i + d + 44 = 0. Calculate the highest common divisor of i and 65.
13
Let m(a) = -a**3 - a + 2. Let z be m(-3). Let q be -3 - -5 - (-2 - -3)*-46. Calculate the highest common divisor of z and q.
16
Suppose -4*r - 10 = r. Let i be 19 - -2*(-1)/r. What is the greatest common divisor of i and 4?
4
Let g = 11 + -8. Suppose g*u = 189 - 69. Calculate the greatest common factor of u and 8.
8
Suppose 0 = -5*a + 217 + 123. What is the greatest common divisor of a and 17?
17
Let g = -12 + 23. Calculate the greatest common factor of g and 121.
11
Let t(z) = z**3 - 4*z**2 - 3*z + 13. Let w be t(5). What is the greatest common factor of w and 184?
23
Suppose 0 = -f + 2*x + 56, 0*f + 2*f = -4*x + 112. Suppose 2*c - 66 = -4*g, 3*g + c - 61 = -14. Calculate the greatest common factor of f and g.
14
Let g be 4/2*(-33)/(-22). Suppose 2*y + 10 = g*y. What is the greatest common divisor of 20 and y?
10
Suppose -2*v + 204 = -5*z, 5*v - 3*z + z - 552 = 0. What is the greatest common divisor of v and 28?
28
Let u(q) = q**2 - 12. Let h be u(5). Calculate the greatest common factor of 26 and h.
13
Let z(a) = a**2 - 8*a + 5. Let i be z(5). Let m = 22 + i. What is the highest common divisor of m and 60?
12
Suppose -18*g + 12 = -15*g. Calculate the highest common divisor of 28 and g.
4
Let g(r) be the third derivative of -r**4/12 - r**3/6 + 4*r**2. Let v be g(-5). Calculate the highest common factor of v and 6.
3
Let z = 22 - -18. What is the highest common divisor of z and 5?
5
Suppose 279 = 2*b - 81. Calculate the highest common divisor of 20 and b.
20
Let j(q) = -15*q**3 - 1. Let u be j(-1). Suppose -c - 9 = -u. Calculate the highest common factor of c and 50.
5
Suppose -2*h - 2*t + 166 = 0, -3*h - 4*t + 413 = 2*h. What is the highest common divisor of 9 and h?
9
Let t(x) = 2*x**2 + 13*x + 4. Let f be t(-10). Suppose -5*h + f = 3*v, -6*v + v = 4*h - 67. Let y = -4 + h. What is the highest common divisor of y and 36?
9
Let v(w) = w + 6. Suppose -8 = -2*q, 3*i + 3*q - 8 = -2*q. Let h be v(i). Let d be 1*112 - (0 + h). What is the greatest common divisor of d and 10?
10
Let s(z) = -15*z - 7. Let q be s(-2). What is the greatest common divisor of q and 23?
23
Let k(p) = -p + 8. Let i be k(-10). Let w(x) = 72*x**2. Let j be w(1). Calculate the highest common divisor of i and j.
18
Suppose 2 = -23*f + 21*f. Let y(i) = 10*i**2 - 1. Let j be y(f). Calculate the greatest common factor of 63 and j.
9
Suppose 0 = x + 3*z + 2 + 1, 3*x = -2*z - 2. Suppose 9 + x = -3*h. Let w be (3 - 13)*h*1. What is the greatest common factor of 6 and w?
6
Suppose 8*y - 3*y + 31 = 4*h, 0 = h + y - 19. Let z be (-1 + 25/15)*21. Calculate the highest common factor of z and h.
14
Let i(x) = 12*x + 1. Let z be i(5). Suppose -9 + 139 = 5*f. Let g = z - f. Calculate the greatest common divisor of g and 7.
7
Suppose 0 = -0*d + 3*d - 15. Suppose 0 = -4*m + d*l - 16, 5*m + 2*l - 13 = -0*l. Calculate the greatest common factor of 5 and m.
1
Let k(y) = 34*y + 1. Let j be k(5). Suppose -28*t - 76 = -32*t. What is the highest common divisor of t and j?
19
Suppose 298 = 4*q - 2*b, -q = -2*q + 5*b + 97. Suppose -2*y = 2*y - 44. Let m = y + -3. Calculate the greatest common factor of q and m.
8
Let k(v) = -11*v. Let z(b) = 10*b - 1. Let d(o) = -5*k(o) - 4*z(o). Let t be d(4). Calculate the greatest common factor of 16 and t.
16
Let x be 5 - (2 - 3)*-2. Suppose 2*d - x*d + 70 = 0. Calculate the highest common factor of 10 and d.
10
Let d = -5 + 3. Let w be 204/24 - d/(-4). Calculate the greatest common factor of 1 and w.
1
Let x(w) = -w**3 - 12*w**2 - w - 1. Let k be x(-12). What is the highest common divisor of 88 and k?
11
Let b be (-34)/10 + (-2)/(-5). Let c = b - -6. Calculate the greatest common divisor of c and 27.
3
Let d(z) = -z**3 - z**2 + 3*z + 11. Let t be d(0). What is the greatest common divisor of t and 11?
11
Suppose -5*p - 2*r = -4*r - 94, 0 = 5*p - 3*r - 91. Calculate the highest common divisor of 25 and p.
5
Let l(b) = -2*b - 5. Let p be l(-5). Suppose -3*q + h = -h - 126, 3*q - 5*h - 135 = 0. Calculate the highest common divisor of p and q.
5
Let l be 84/35 + (-3)/(-5). Suppose 4*c = 109 - 13. Calculate the greatest common factor of c and l.
3
Let c be 4/(-26) - (-15)/13. Suppose -2*y - c = -9. Calculate the greatest common factor of 32 and y.
4
Suppose -3*q = -2*q - 36. Calculate the highest common factor of q and 12.
12
Let x(b) = -63*b. Let u be x(-1). Let q(j) be the second derivative of -j**4/12 + 4*j**3/3 - j. Let w be q(7). Calculate the greatest common divisor of u and w.
7
Let y = -48 + 84. Let b = -146 - -158. What is the highest common divisor of b and y?
12
Suppose 4*g - a - 96 = 3*g, 3*g = a + 296. Suppose -2*s - 2*h - g = 2*h, -s - h - 50 = 0. Let t = 7 - s. Calculate the highest common divisor of 19 and t.
19
Let y(a) = a**2 + a + 28. Suppose g + 0*g = 6. Suppose 3*x + 2*f - 4 = g, 5*f = 3*x + 25. Let w be y(x). What is the greatest common divisor of 4 and w?
4
Let w be (-20)/(-15) - (-140)/3. Suppose 5 = -3*z + 14. Suppose -3*g + 9 = z*j - 18, 5*j = -15. What is the highest common divisor of w and g?
12
Let x = 47 + -46. Calculate the greatest common factor of x and 2.
1
Let v = -9 - -11. What is the greatest common divisor of v and 14?
2
Let p = 147 - 66. Let v be (-2)/(-4) + 3/2. Suppose 0 = v*g + 11 - 29. Calculate the highest common divisor of g and p.
9
Let w(q) = q - 1. Let r be w(7). Calculate the highest common divisor of 6 and r.
6
Let b(f) = f**3 + 5*f**2 + 5*f + 6. Let s be b(-4). Suppose 3*n + 67 = s*j - 0*n, 3*n - 29 = -j. Calculate the greatest common factor of 8 and j.
8
Let r(t) = 12*t - 4. Let z be r(9). Let b(y) = -y**3 + 5*y**2 + 4*y - 7. Let v be b(5). Calculate the highest common factor of z and v.
13
Suppose -t - t = -32. What is the greatest common divisor of 2 and t?
2
Suppose -y = 5*o - 82, -4*y - 12 = -o - 4. Calculate the highest common factor of o and 16.
16
Let i(k) = -k**2 - 12*k - 10. Let s(t) = t + 1. Let h(o) = i(o) + 4*s(o). Let g be h(-4). What is the highest common factor of 5 and g?
5
Let h(n) be the second derivative of n**4 + n**2 - n. Let z be h(2). Let c(i) = 2*i - 25. Let g be c(15). What is the highest common divisor of g and z?
5
Let u(c) = 20*c**2 - c. Let l be u(-1). Calculate the highest common factor of l and 105.
21
Let g = 102 + -34. Let n(a) = 12*a + 5. Let r be n(1). Calculate the highest common factor of g and r.
17
Suppose -2*g - 4*h - 14 = 0, -